e v(1).
-3
Let y(f) = -20*f**2 - 10158*f + 40547. Give y(4).
-405
Let d(l) = -69*l + 7277. Calculate d(103).
170
Let q(s) = 2*s**3 + 412*s**2 + 6077*s - 439. Determine q(-190).
131
Let k(a) = 25*a**2 + 4286*a + 12864. Determine k(-3).
231
Let d(v) = -20*v**3 + 1035*v**2 + 282*v - 1145. Calculate d(52).
-1
Let z(v) = 2544*v - 335833. Calculate z(132).
-25
Let u(v) = -v**2 + 2*v + 8622. Calculate u(-92).
-26
Let y(k) = -3595*k - 14327. Give y(-4).
53
Let u(z) = -816*z - 18052. Calculate u(-22).
-100
Let d(s) = 12*s**3 - 2*s**2 - 6*s + 256. Calculate d(4).
968
Let k(n) = -336*n - 4242. Determine k(-13).
126
Let b(l) = l**3 + 56*l**2 + 102*l - 26. Give b(-2).
-14
Let r(p) = 72*p**2 + 1466*p - 4361. Give r(-23).
9
Let i(s) = s**2 - 141*s + 5355. What is i(73)?
391
Let h(f) = 99*f - 1926. What is h(20)?
54
Let o(s) = s**2 - 40*s - 10555. Calculate o(-86).
281
Let o(n) = -22856*n + 1097092. Calculate o(48).
4
Let f(d) = 14601*d - 86305. Determine f(6).
1301
Let v(y) = -y**3 - 53*y**2 - 677*y - 208. Give v(-20).
132
Let h(v) = -92*v**2 - 393*v + 84. Determine h(-5).
-251
Let h(i) = 5*i**3 - 1562*i**2 - 931*i - 2458. Calculate h(313).
46
Let m(x) = 366*x - 1499. What is m(5)?
331
Let h(x) = 5195*x + 88343. Give h(-17).
28
Let w(p) = 13*p**2 + 500*p - 72702. Calculate w(58).
30
Let c(s) = -171*s + 7556. Give c(6).
6530
Let u(r) = 151*r - 469. Determine u(10).
1041
Let k(x) = 4*x**3 - 78*x**2 - 85*x + 1059. Determine k(20).
159
Let v(r) = -3*r**2 + 1677*r + 11678. Determine v(-7).
-208
Let h(u) = 756*u - 191012. Give h(254).
1012
Let r(v) = -v**2 + 55*v + 1687. What is r(80)?
-313
Let c(k) = 1340*k - 14547. What is c(11)?
193
Let m(w) = -w**3 - 698*w**2 - 637*w + 41819. Calculate m(-697).
-1
Let y(m) = 19*m**3 + 186*m**2 + 49*m + 889. Give y(-10).
-1
Let d(g) = 16*g**2 - 903*g + 9265. Calculate d(14).
-241
Let g(p) = p**3 + 36*p**2 + 156*p + 94. What is g(-6)?
238
Let v(l) = l**2 - 1514*l + 571361. Calculate v(798).
-7
Let z(c) = -3149*c + 1350921. Determine z(429).
0
Let j(d) = 5120*d + 471041. What is j(-92)?
1
Let l(x) = -35*x**3 + 27508*x**2 + 1576*x - 3138. Calculate l(786).
6
Let y(f) = 15*f**2 - 1050*f - 2155. Give y(-2).
5
Let l(q) = 120*q - 670. Determine l(11).
650
Let s(c) = 42290*c - 380572. Determine s(9).
38
Let m(k) = -65*k**3 - 6*k**2 + 417*k + 840. Determine m(-2).
502
Let c(r) = 2659*r + 119698. Calculate c(-45).
43
Let l(y) = -2*y**3 + 165*y**2 - 2477*y + 13136. Calculate l(65).
6
Let z(l) = -861*l - 18794. Calculate z(-22).
148
Let i(b) = b**3 + 1211*b**2 - 48744*b - 218. Determine i(39).
16
Let q(z) = -17670*z**2 - 141358*z - 22. What is q(-8)?
-38
Let h(j) = -523*j**2 - 1142*j - 16. Calculate h(-2).
176
Let y(h) = h**3 + 19*h**2 + 5*h - 194. Determine y(-21).
-1181
Let w(q) = q**2 + 78116*q - 3126257. Give w(40).
-17
Let p(j) = 1513*j - 4188. What is p(3)?
351
Let o(q) = -97*q**2 + 579*q + 13. Determine o(6).
-5
Let q(b) = 6*b**3 + 268*b**2 - 305*b - 9654. Calculate q(-45).
21
Let c(h) = -959740*h + 29751941. Give c(31).
1
Let s(y) = 2*y**3 - 95*y**2 + 41*y + 277. Calculate s(47).
-5
Let u(n) = -17903*n + 17902. Give u(1).
-1
Let p(a) = 7007*a + 90939. Calculate p(-13).
-152
Let a(g) = 3*g**3 - 21*g**2 + 121*g - 28. Give a(7).
819
Let g(q) = 514*q**2 + 2623*q + 5. Give g(-5).
-260
Let a(j) = -4*j**3 + 313*j**2 - 3979*j - 20. Determine a(16).
60
Let c(l) = -213*l**2 - 1553*l + 19. Give c(-8).
-1189
Let l(b) = b**3 - 36*b**2 + 167*b + 121. What is l(27)?
-1931
Let w(f) = f**2 + 89*f + 1516. What is w(-66)?
-2
Let z(l) = 1253*l**2 - 6276*l - 12. Give z(5).
-67
Let y(z) = -43*z + 4561. Determine y(104).
89
Let g(k) = 2*k**2 + 40*k - 3825. What is g(35)?
25
Let b(o) = -688*o - 2387. Determine b(-4).
365
Let a(s) = 1819*s - 315410. Give a(174).
1096
Let y(x) = -x**2 + 2801*x - 99426. What is y(36)?
114
Let j(k) = -3*k**2 + 243*k - 649. Give j(71).
1481
Let a(r) = r**3 + 19*r**2 + 405*r - 2499. Calculate a(5).
126
Let d(n) = 3113*n - 15565. What is d(5)?
0
Let f(c) = 778*c - 2748. Calculate f(5).
1142
Let k(w) = -w**3 - 70*w**2 - 178*w + 1209. Give k(-67).
-332
Let v(o) = o**3 - 56*o**2 - 147*o + 1871. Give v(58).
73
Let m(t) = t**2 + 1603*t + 67448. Give m(-43).
368
Let t(c) = -5*c**2 - 197*c - 1904. Calculate t(-20).
36
Let s(a) = 5*a**3 + 112*a**2 + 32*a - 239. Calculate s(-22).
25
Let x(i) = -88*i - 6419. Calculate x(-57).
-1403
Let g(y) = -76*y**2 + 551. What is g(0)?
551
Let d(x) = -x**2 + 1498*x - 400203. Give d(348).
-3
Let j(s) = -5*s**3 + 5*s**2 - 32*s + 37. Give j(3).
-149
Let z(d) = 282*d + 539. Give z(-1).
257
Let b(a) = -2*a**2 - 231*a + 53. What is b(0)?
53
Let v(a) = -5480*a - 427444. Determine v(-78).
-4
Let j(n) = 4*n**3 + 33*n**2 + 164*n + 192. Give j(-8).
-1056
Let f(k) = -2*k**3 + k**2 + 10*k - 17. Give f(4).
-89
Let o(u) = 150*u - 2149. What is o(15)?
101
Let j(s) = -17*s**3 - 2*s**2 + 23*s - 144. What is j(4)?
-1172
Let s(x) = -4*x**3 - 399*x**2 + 3071*x - 3426. Calculate s(-107).
-2
Let k(s) = s**3 + 25*s**2 + 51*s - 176. Determine k(-21).
517
Let q(y) = 2125*y**2 + 10610*y - 5. What is q(-5)?
70
Let k(f) = 1817*f - 86931. What is k(48)?
285
Let u(o) = -103734*o + 22510280. What is u(217)?
2
Let g(d) = -7*d**3 + 98*d**2 - 196*d + 2763. Determine g(14).
19
Let v(t) = -19*t**2 + 5711*t - 8963. What is v(299)?
7
Let d(p) = -5*p**2 + 1922*p - 1884. What is d(383)?
797
Let a(r) = -16160*r - 904900. Give a(-56).
60
Let v(l) = l**3 + 8*l**2 - 4725*l - 66065. Give v(-14).
-1091
Let h(k) = 24430*k - 1148178. Give h(47).
32
Let h(o) = 1187*o - 108280. Give h(91).
-263
Let k(n) = -16*n**2 + 153*n + 1281. What is k(-7)?
-574
Let x(z) = -121*z + 38625. Calculate x(317).
268
Let i(s) = s**3 + 7*s**2 - 7*s - 52. What is i(0)?
-52
Let h(k) = k**2 - 50*k - 47757. Give h(-195).
18
Let s(n) = -64*n**2 - 5804*n + 1850. What is s(-91)?
30
Let d(r) = -r**3 + 31*r**2 + 1799*r - 56620. Determine d(32).
-76
Let f(d) = 229925*d - 2759128. What is f(12)?
-28
Let r(g) = g**3 + 94*g**2 - 254*g - 1176. Calculate r(-97).
-4765
Let n(y) = 364*y**3 - 2187*y**2 + 75*y - 326. Determine n(6).
16
Let h(c) = 549*c + 482. Give h(-1).
-67
Let g(n) = 6*n**3 + 507*n**2 + 398*n + 12259. Determine g(-84).
-5
Let z(k) = -3*k**3 - 17*k**2 + 22*k + 162. Determine z(-3).
24
Let k(x) = -x**3 - 7*x**2 - 256*x - 3514. Calculate k(-12).
278
Let i(q) = -87*q + 3672. Calculate i(43).
-69
Let u(y) = 3131*y + 6143. What is u(-2)?
-119
Let n(z) = -81443*z + 162724. Give n(2).
-162
Let g(a) = -2069*a - 2319. What is g(-1)?
-250
Let a(w) = 4*w**2 - 14856*w + 59355. Calculate a(4).
-5
Let i(b) = 2*b**2 - 72358*b + 723366. What is i(10)?
-14
Let t(c) = 9971*c + 2003977. Determine t(-201).
-194
Let r(m) = 376*m + 2457. Calculate r(-7).
-175
Let r(y) = -2133*y + 44755. Give r(21).
-38
Let m(f) = 40591*f - 62. Give m(0).
-62
Let f(p) = 12*p - 1793. Give f(147).
-29
Let f(b) = b**2 - 297*b - 103. Give f(0).
-103
Let z(s) = 39*s**2 - 1463*s + 10746. Calculate z(10).
16
Let t(a) = a**3 + 89*a**2 + 1060*a + 707. What is t(-75)?
-43
Let q(h) = -3*h**2 - 242718*h + 1456422. Give q(6).
6
Let k(s) = -8485*s + 271508. Calculate k(32).
-12
Let o(d) = 425*d + 45869. Determine o(-108).
-31
Let y(j) = -60728*j + 4979696. What is y(82)?
0
Let y(j) = 115*j**2 - 1041*j + 39. Determine y(9).
-15
Let d(l) = -l**2 + 1631*l - 341860. Give d(247).
-12
Let o(t) = t**3 + 7*t**2 - 160*t - 888. What is o(-13)?
178
Let c(y) = -143*y + 10792. Determine c(79).
-505
Let s(x) = 3686*x**2 - 17108*x - 6608. Give s(5).
2
Let l(i) = 52179*i + 104357. Give l(-2).
-1
Let v(s) = 6837*s - 27133. Calculate v(4).
215
Let p(s) = -7*s**2 + 24*s + 163. What is p(-5)?
-132
Let p(o) = -1994*o + 22239. Calculate p(11).
305
Let x(o) = -295*o**2 - 5454*o + 9. Give x(-19).
-2860
Let j(b) = -b**3 + 42*b**2 + 241*b - 21. What is j(47)?
261
Let q(b) = -2*b**3 + 403*b**2 - 942*b + 68392. Calculate q(200).
-8
Let m(f) = 2*f**2 - 799*f - 47519. What is m(-52)?
-563
Let d(s) = -120194*s + 961544. Give d(8).
-8
Let l(h) = 9*h**2 - 4326*h + 82258. What is l(19)?
3313
Let z(f) = -8*f**3 + 225*f**2 + 5*f - 499. Calculate z(28).
425
Let h(s) = 470*s**2 - 1884*s - 2333. Give h(5).
-3
Let y(p) = 3*p**3 - 4*p**2 + 467*p - 2372. Calculate y(5).
238
Let h(b) = -7*b**2 - 3050*b + 70569. What is h(22)?
81
Let y(x) = x**3 - 197*x**2 - 198*x 